er?
False
Let b(r) = -280*r + 277. Let q(z) = 25*z + 188. Let x be q(-8). Is b(x) prime?
True
Let y = 103626 - 61463. Is y a composite number?
True
Let n(o) be the second derivative of -o**5/2 + o**4/4 + 3*o**3/2 + 7*o**2/2 + o + 3. Is n(-4) prime?
True
Let l(k) = -102*k**3 + 14*k**2 - 5*k + 4. Let j be l(2). Let o = j + 2861. Is o a prime number?
False
Let u be 4/20 + (-40)/(-50). Is 4/(-3)*u*(-46356)/16 a prime number?
True
Suppose 58*r - 16*r = -3*r + 20052855. Is r composite?
False
Let q be 9*-2474*(45/10)/(-9). Suppose 2*g - 5579 = -w, -g = w - 3*w + q. Is w a composite number?
False
Let u(r) = -3*r**2 - 133*r - 48. Let x be u(-44). Let d(y) = -532*y + 123. Is d(x) a prime number?
True
Let h(c) = 1590*c**2 + 214*c + 3477. Is h(-17) prime?
False
Suppose 13*j - 102875 - 409520 = 0. Is j a composite number?
True
Suppose -34 + 10 = 4*p. Let u be ((-3)/p)/((-1)/(-1348)). Is u/6 + 10/15 composite?
False
Let m be (6483/(-9))/((-1)/3). Suppose -2157 = -4*n - 2*v - v, -4*n + v = -m. Suppose 274 = f - 5*r, -r = -2*f + r + n. Is f a prime number?
True
Let w be (0/9)/(3 - 6). Is ((-2)/3 + w)/((-104)/99996) composite?
False
Let d = 11895 - 2044. Is d prime?
True
Let z = -140 + 137. Let h be 4 + 15/z - -5. Suppose -h*j = 5*o - 13827, -j = o + 204 - 2969. Is o a prime number?
True
Suppose 5*q - 1547 = 2683. Let b = q - 599. Is b a prime number?
False
Suppose -9*a + 11259 = 58914. Let h = 8684 + a. Is h a prime number?
True
Let a be 6663/6 - (-1)/2. Let q = 52 + -242. Let r = q + a. Is r prime?
False
Let r(l) = -l**3 + l**2 + 2*l - 1. Let f be r(0). Let u be ((-18)/8*-4)/(f/(-509)). Suppose -u = -4*t - 17. Is t a composite number?
True
Suppose 2*n - 4*u = 6, 2*n = u + 6 + 6. Suppose 0 = j - 2*c + n, 2*j + 3*c + 0*c + 7 = 0. Is 2103*((-20)/12)/j a composite number?
False
Suppose 45*y = 41*y + 7376. Suppose n + 483 = y. Is n a composite number?
False
Suppose -9*b + 2*b = -723863. Is b a prime number?
True
Let d(l) = l**2 - 4*l - 98. Let w be d(12). Is 1001 - (w - (4 - -2)) composite?
False
Let m = 30 + 0. Suppose 8*i - 11*i + m = 0. Suppose i*s = 9*s + 1543. Is s a prime number?
True
Let a(c) = 475*c**2 - 5*c + 9. Let p be a(-4). Suppose -8*l + p = -21195. Is l a composite number?
True
Let g(p) = p**3 - 29*p**2 - 9*p + 150. Is g(31) a prime number?
False
Let n be (0 + 1)/(3 + (-156)/54). Suppose 11 = 4*i - n. Suppose 0 = -i*r + 3*a + 424, 2*a - 434 = -5*r - 0*a. Is r prime?
False
Is 28/(-49) - ((-831806118)/(-91))/(-22) a prime number?
False
Let r(v) = 7776*v**2 - 15*v. Let j be r(1). Let f = j + -4198. Is f prime?
False
Is 41830 - ((-47)/(-94))/((-15)/6 + 2) composite?
True
Let f(b) = 11*b + 15. Let i(o) = 1. Suppose 4*g - 6*g - 2 = 0. Let r(q) = g*f(q) + 4*i(q). Is r(-4) a prime number?
False
Let q be 3*((-4)/(-14))/(15/35). Suppose 5*l - q*m = 22806, -3943 - 625 = -l - 3*m. Let y = -3093 + l. Is y a prime number?
False
Suppose f + 184366 = 10*f - 1687607. Is f prime?
True
Suppose -8*w + 374 - 374 = 0. Suppose 35*i - 39*i - 20 = w, -5*j + 112725 = -4*i. Is j prime?
True
Let l(w) = 61*w**2 - 20*w - 9. Let o(b) = 61*b**2 - 16*b - 10. Let m(q) = 3*l(q) - 2*o(q). Is m(10) prime?
True
Let u(f) = -f - 6. Let r be u(-9). Suppose q - r*l = -24 - 135, -4*q = 2*l + 594. Let k = -23 - q. Is k a composite number?
False
Suppose 0 = -3*r - 5*s + 73 - 19, 4*r - 58 = -2*s. Let o = r - 11. Suppose 3*f - 64 = 5*y, -f - o*y + y + 24 = 0. Is f a prime number?
True
Let p(h) = -h**2 - 3*h - 12. Let i be p(-6). Let n be (-15)/i - (-1)/(-2). Suppose n = -2*w - 3*r + 2186, 2*w + 2*r - 1990 = 200. Is w prime?
False
Suppose 9*l - 47*l + 2219387 = 9*l. Is l composite?
False
Let a = -9780 - -48377. Is a prime?
False
Let r be (-5 - -6)/(1/10). Suppose 24 = 19*s - 11*s. Suppose 0 = s*d - r*d + 4417. Is d composite?
False
Suppose -4 = -5*g - 14. Let l be -2 + g + 4 - 0. Is (7 + -4916)*(-1 + l) composite?
False
Let w = 20999 - 8434. Suppose 4*s = 5*p - w, -3*p - 177 + 7716 = -s. Is p prime?
False
Let l = -51 - -72. Let k(i) = 14*i - l*i - 9 - 30*i - 30*i. Is k(-4) composite?
True
Suppose -2*s - 20 - 6 = -2*l, 0 = 2*l - 10. Is (268/4)/(s/(-8)) a prime number?
True
Let a(s) = -16069*s**3 - 22*s**2 - 76*s - 11. Is a(-4) a composite number?
True
Let g(j) = -461*j**2 - 12*j + 2. Let z be g(-5). Let m = z + 17242. Is m prime?
True
Let l = -25 - -15. Let n(v) = v**3 + 13*v**2 - 14*v + 9. Is n(l) a composite number?
False
Let y(l) = 388*l**2 + 3*l + 18. Let p be (22 + 0)/2 - 6. Is y(p) composite?
False
Suppose 0 = -3*l - 5*d + 480, 264 = -3*l + d + 762. Let g = l + -141. Is g/16 - (-1)/(4/142) composite?
False
Suppose -y - 924 + 26621 = -14862. Is y prime?
True
Let k = 7435834 - 3143547. Is k a composite number?
False
Let x = -41445 - -65726. Is x a prime number?
True
Let q(c) = 2*c**2 - c + 2. Let u(f) = 12*f**2 - 5*f - 41. Let k(j) = q(j) + u(j). Is k(31) prime?
True
Let u(x) = -21*x**2 + 36*x - 70. Let h(g) = 22*g**2 - 35*g + 71. Let w(i) = -5*h(i) - 6*u(i). Is w(34) a composite number?
False
Suppose 3*i - 3*q - 13 = -2*i, -4*i + 5*q = -13. Suppose 0 = -5*z - 3*b + 11, z + 3*z + i*b - 10 = 0. Suppose -z*m + 7706 = -602. Is m prime?
False
Let q(z) = 1225*z**2 + 341*z + 11. Is q(13) prime?
True
Let z = 14 - 14. Suppose z = -3*o - 0*o - 2*o. Suppose o = -k + 218 + 927. Is k composite?
True
Let n(g) = 97*g - 198*g - 124*g - 3. Let h(p) = 1124*p + 16. Let l(f) = 2*h(f) + 11*n(f). Is l(-6) a composite number?
False
Let m(u) = -u**2 - 4*u + 1. Let i be m(-5). Let z(a) = -25*a**2 + 3*a + 1. Let k be z(i). Is (k - -2)*(0 - -3 - 8) a prime number?
False
Let z be 3873 + (-7 + 4 - -6). Suppose 3*p = -4*s + 8*p + z, -p = -4*s + 3860. Suppose s = 5*t - 2*a - 925, -2*t = a - 752. Is t a prime number?
False
Let s(b) = 225*b + 1. Let g(n) = -2*n + 54. Let m be g(23). Is s(m) composite?
False
Let z(y) be the second derivative of 256*y**3 - 61*y**2/2 - 7*y - 1. Is z(8) composite?
False
Let d(k) = 30*k - 145. Let o(i) = 28*i - 144. Let v(c) = 3*d(c) - 2*o(c). Is v(23) a composite number?
True
Let b(g) = -417221*g**3 + 3*g**2 - 85*g - 86. Is b(-1) a prime number?
False
Suppose 4*b = 7 + 1, q - 5*b = -2. Suppose -3*w - q = -3*z - z, -5*w = 3*z - 35. Suppose -1043 - 539 = -z*r + 3*c, 1586 = 5*r + c. Is r a prime number?
True
Let y = 1035 + -1164. Let j be (-3)/15 - 6131/(-5). Let h = y + j. Is h a composite number?
False
Suppose -2*j = -j - 1. Let n(y) = -8722*y + 35. Let a(v) = 969*v - 4. Let h(d) = -35*a(d) - 4*n(d). Is h(j) prime?
False
Is (123887/(-6))/(315/(-1890)) composite?
False
Is 45223 - (-13 - 90/(-9)) composite?
True
Suppose -4 = -4*w, 0*w + 11 = 4*g + 3*w. Suppose 3*r - 12784 = -5*f + 4*r, -2*f + g*r = -5112. Is f composite?
False
Suppose 48*l = 38*l + 60. Is l/4 + (-3)/((-54)/253899) a composite number?
False
Let l = -1118 - -946. Suppose -3*k + u = 207, -3*k - 185 = -2*u + 22. Let g = k - l. Is g a prime number?
True
Let r = -30711 + 105574. Is r composite?
True
Let i = 1825633 + -1035324. Is i prime?
False
Suppose 3296 = 4*v + v - 6619. Is v a prime number?
False
Suppose 2*q - k = 46, -4*k + 3*k = -2. Suppose -d + 1568 = 5*c, 0 = -4*c + q - 4. Is d prime?
True
Suppose 0 = 3*q + 5*p + 21649, -2*q - 9476 = 5*p + 4950. Let t = -3732 - q. Is t a composite number?
False
Let n be -1 + (-7 - -14) - -1030. Let x = -569 + n. Is x a composite number?
False
Suppose -8512 = -12*v + 98204. Is v composite?
False
Let i(f) = 56*f - 5. Let m(x) = -x + 1. Let y(t) = -i(t) - 3*m(t). Is y(-19) a composite number?
False
Let t(k) = 446*k**2 - 9*k + 7. Suppose -b + 18 = -3*y, -5*y - 1 = -4*b + 43. Is t(b) a composite number?
True
Is -1*((-27506)/(-6)*-34 + (-5)/(-15)) composite?
True
Let m = 34 - 25. Suppose 2*r - m*r = 385. Is (2 - 6)*r/4 a prime number?
False
Let p(i) = -i**3 - 34*i**2 - 121*i - 31. Let c be p(-30). Let j(y) = -14410*y - 41. Is j(c) a composite number?
False
Let s(c) = 6*c**2 - 13*c - 1. Let p be s(5). Let n = -78 + p. Is (-2 - -4)*6351/n composite?
True
Suppose -4*t = 4, p - 4*t - 54 - 115 = 0. Suppose 3*k - 6*k + p = 0. Suppose -2085 = -k*d + 50*d. Is d prime?
False
Let p be ((-6)/(-10))/(((-2)/(-5))/2). Suppose 6946 + 10343 = p*u. Suppose 0 = 7*f - 5164 - u. Is f prime?
False
Let q = -284 - -285. Is 809/q - (12 - 18) a composite number?
True
Suppose 5*r - 8*o = -7*o - 135, -3*r - 81 = -o. Let h